 greatest common divisor of 1254 and 31746?
66
Calculate the greatest common divisor of 16 and 268.
4
Calculate the greatest common factor of 155 and 183520.
155
Calculate the highest common factor of 1654704 and 18.
18
What is the highest common divisor of 77 and 28868?
7
What is the highest common divisor of 83072 and 413?
59
Calculate the highest common divisor of 19275 and 4626.
771
Calculate the greatest common factor of 43905 and 500.
5
What is the greatest common factor of 69485 and 1?
1
What is the highest common divisor of 28422600 and 24?
24
Calculate the greatest common factor of 120976 and 16.
16
What is the greatest common factor of 852677 and 574?
287
Calculate the greatest common factor of 675 and 1674000.
675
What is the highest common divisor of 390 and 19578?
78
What is the greatest common divisor of 1241255 and 340?
85
Calculate the highest common divisor of 20643 and 15.
3
What is the highest common divisor of 181658 and 4636?
122
Calculate the highest common divisor of 17202 and 62604.
282
Calculate the highest common factor of 17199 and 152901.
189
Calculate the highest common factor of 60 and 16392.
12
Calculate the greatest common factor of 27297 and 5751.
81
Calculate the greatest common divisor of 3310 and 310.
10
What is the highest common factor of 1309 and 2087855?
1309
What is the highest common factor of 267412 and 4?
4
Calculate the highest common divisor of 332 and 2700073.
83
What is the highest common divisor of 472492 and 304?
76
What is the greatest common factor of 10140 and 1740?
60
Calculate the greatest common divisor of 21798 and 154.
14
What is the greatest common divisor of 28 and 179116?
28
Calculate the greatest common divisor of 275125 and 710.
355
What is the greatest common divisor of 4439 and 299?
23
Calculate the greatest common factor of 7039398 and 12.
6
What is the highest common factor of 6329185 and 1615?
1615
Calculate the highest common factor of 5 and 26.
1
What is the highest common factor of 60624 and 2105?
421
Calculate the greatest common divisor of 146 and 114683.
73
What is the greatest common divisor of 2142 and 1215?
9
What is the highest common divisor of 577341 and 54?
27
What is the greatest common factor of 18032 and 136808?
392
Calculate the highest common factor of 90 and 175410.
90
What is the highest common divisor of 1552 and 159274?
194
Calculate the highest common divisor of 1341056 and 128.
128
Calculate the greatest common factor of 17954 and 3431.
47
What is the highest common factor of 10353 and 3219?
87
Calculate the greatest common divisor of 186 and 46758.
6
Calculate the greatest common divisor of 518 and 97643.
259
Calculate the greatest common divisor of 7866 and 759.
69
What is the greatest common divisor of 399 and 52269?
399
What is the greatest common factor of 4548 and 84?
12
Calculate the greatest common divisor of 414 and 1195011.
207
Calculate the highest common divisor of 13659 and 11304.
471
What is the greatest common factor of 26606 and 106?
106
Calculate the greatest common factor of 15484 and 48412.
196
Calculate the greatest common factor of 631896 and 23504.
904
What is the greatest common divisor of 24 and 14934?
6
Calculate the highest common factor of 392 and 6608.
56
Calculate the highest common divisor of 60049 and 21571.
583
Calculate the highest common factor of 2304 and 7584.
96
Calculate the highest common factor of 76 and 9172.
4
Calculate the greatest common divisor of 55895 and 35.
35
What is the highest common factor of 31340 and 1550?
10
Calculate the greatest common divisor of 156 and 266292.
156
What is the highest common factor of 18555 and 30?
15
What is the greatest common factor of 2048 and 177792?
128
Calculate the greatest common factor of 39137 and 224.
7
What is the highest common divisor of 2376592 and 16?
16
What is the greatest common divisor of 888118 and 1848?
154
Calculate the greatest common factor of 46270 and 1120.
70
What is the greatest common divisor of 1896 and 1704?
24
Calculate the highest common factor of 452 and 48.
4
What is the greatest common divisor of 7896 and 33?
3
Calculate the greatest common factor of 76840 and 18360.
680
Calculate the highest common divisor of 216 and 147960.
216
What is the highest common divisor of 857868 and 776?
388
What is the greatest common factor of 14245 and 16555?
385
Calculate the highest common divisor of 143 and 86647.
11
Calculate the greatest common factor of 143 and 815360.
13
Calculate the greatest common factor of 18140 and 40.
20
What is the greatest common divisor of 323 and 1717?
17
Calculate the greatest common factor of 2056 and 264.
8
What is the greatest common factor of 23 and 99797?
23
What is the greatest common factor of 722072 and 4134?
1378
What is the greatest common factor of 912758 and 1078?
154
Calculate the greatest common divisor of 115868 and 3652.
332
What is the greatest common factor of 10700 and 3620?
20
What is the highest common divisor of 27472 and 9520?
272
What is the highest common divisor of 36582 and 130?
26
Calculate the greatest common divisor of 1985 and 65.
5
Calculate the highest common divisor of 48775 and 50.
25
What is the highest common divisor of 17 and 863549?
17
Calculate the greatest common factor of 61623 and 2952.
369
What is the highest common divisor of 303784 and 889?
127
What is the greatest common factor of 580 and 455?
5
Calculate the greatest common factor of 4077 and 3945177.
1359
What is the highest common divisor of 941193 and 66?
33
What is the greatest common divisor of 382207 and 14?
7
Calculate the highest common factor of 209 and 65246.
19
Calculate the highest common factor of 1638 and 525.
21
What is the highest common divisor of 100 and 658500?
100
Calculate the highest common divisor of 221 and 67099.
17
Calculate the greatest common divisor of 30688 and 4480.
224
What is the highest common divisor of 8177 and 221?
221
Calculate the highest common divisor of 725692 and 704.
44
Calculate the highest common divisor of 687808 and 4885.
977
Calculate the greatest common factor of 892 and 1113439.
223
Calculate the greatest common factor of 2465 and 63365.
145
Calculate the highest common factor of 15 and 19806.
3
What is the highest common factor of 18343 and 805681?
1411
What is the highest common divisor of 10 and 27544?
2
What is the greatest common divisor of 195708 and 705?
141
What is the highest common divisor of 240823 and 55?
11
What is the greatest common factor of 67831 and 841?
29
Calculate the highest common factor of 19 and 1520608.
19
What is the highest common factor of 276 and 16767?
69
What is the highest common factor of 14 and 206038?
14
What is the greatest common factor of 59824 and 400?
16
What is the highest common factor of 52 and 50?
2
Calculate the highest common divisor of 1276 and 159181.
319
What is the greatest common factor of 687 and 2730367?
229
What is the highest common factor of 59660 and 2660?
380
What is the greatest common factor of 180 and 495?
45
Calculate the highest common divisor of 579 and 16405.
193
What is the greatest common divisor of 6169 and 199?
199
Calculate the highest common divisor of 1095 and 27405.
15
Calculate the greatest common divisor of 269056 and 384.
128
Calculate the greatest common divisor of 6 and 26848.
2
What is the highest common divisor of 4386 and 238?
34
Calculate the greatest common factor of 7569 and 5.
1
What is the highest common divisor of 4251 and 38142?
39
What is the highest common divisor of 18 and 2637?
9
What is the highest common divisor of 1050 and 238?
14
What is the greatest common divisor of 5106 and 3450?
138
What is the greatest common factor of 4250 and 370?
10
What is the highest common factor of 15114 and 121?
11
Calculate the highest common factor of 410 and 4847225.
205
What is the greatest common factor of 2001 and 1518?
69
What is the highest common factor of 889079 and 12681?
1409
Calculate the highest common factor of 43460 and 7420.
1060
What is the highest common divisor of 1180 and 311992?
236
Calculate the highest common divisor of 4123 and 532.
133
Calculate the highest common divisor of 1884 and 6033196.
628
Calculate the highest common factor of 269706 and 15168.
474
What is the great